{"id":2585,"date":"2020-02-19T17:29:05","date_gmt":"2020-02-19T21:29:05","guid":{"rendered":"https:\/\/pomasqui.gob.ec\/pichincha\/?page_id=2585"},"modified":"2021-07-23T13:22:45","modified_gmt":"2021-07-23T17:22:45","slug":"rendicion-de-cuentas-2020","status":"publish","type":"page","link":"https:\/\/pomasqui.gob.ec\/pichincha\/rendicion-de-cuentas-2020\/","title":{"rendered":"Rendici\u00f3n de Cuentas 2020"},"content":{"rendered":"<p><a href=\"https:\/\/pomasqui.gob.ec\/pichincha\/wp-content\/uploads\/2021\/07\/MEMO-DELEGACI\u00d2N-SUBIR-INFORMACI\u00d2N-AL-SISTEMA-DEL-CPCCS.pdf\">MEMO DELEGACI\u00d2N SUBIR INFORMACI\u00d2N AL SISTEMA DEL CPCCS<\/a><\/p>\n<p><a href=\"https:\/\/pomasqui.gob.ec\/pichincha\/wp-content\/uploads\/2021\/07\/OFICIO-ENV\u00ccO-MATRIZ-A-LA-CIUDADAN\u00ccA.pdf\">OFICIO ENV\u00ccO MATRIZ A LA CIUDADAN\u00ccA<\/a><\/p>\n<p><a href=\"https:\/\/pomasqui.gob.ec\/pichincha\/wp-content\/uploads\/2021\/07\/MATRICES-RECIBIDAS.pdf\">MATRICES RECIBIDAS<\/a><\/p>\n<p><a href=\"https:\/\/pomasqui.gob.ec\/pichincha\/wp-content\/uploads\/2021\/07\/CONVOCATORIA-ACTA-REGISTRO-ASISTENCIA-REUNI\u00d2N-DE-TRABAJO-CONSEJO-DE-PLANIFICACI\u00d2N-REVISI\u00d2N-MATRICES-CIUDADANAS.pdf\">CONVOCATORIA, ACTA, REGISTRO ASISTENCIA REUNI\u00d2N DE TRABAJO CONSEJO DE PLANIFICACI\u00d2N REVISI\u00d2N MATRICES CIUDADANAS<\/a><\/p>\n<p><a href=\"https:\/\/pomasqui.gob.ec\/pichincha\/wp-content\/uploads\/2021\/07\/CONVOCATORIA-ASAMBLEA-PARROQUIAL-DE-DELIBERACI\u00d2N-P\u00d9BLICA-Y-EVALUACI\u00d2N-CIUDADANA-DEL-INFORME-DE-RENDICI\u00d2N-DE-CUENTAS-DEL-1-DE-ENERO-AL-31-DE-DICI.pdf\">CONVOCATORIA ASAMBLEA PARROQUIAL DE DELIBERACI\u00d2N P\u00d9BLICA Y EVALUACI\u00d2N CIUDADANA DEL INFORME DE RENDICI\u00d2N DE CUENTAS DEL 1 DE ENERO AL 31 DE DICI<\/a><\/p>\n<p><a href=\"https:\/\/pomasqui.gob.ec\/pichincha\/wp-content\/uploads\/2021\/07\/ACTA-ASAMBLEA-PARROQUIAL-DE-DELIBERACI\u00d2N-P\u00d9BLICA-Y-EVALUACI\u00d2N-CIUDADANA-DEL-INFORME-DE-RENDICI\u00d2N-DE-CUENTAS-DEL-1-DE-ENERO-AL-31-DE-DICIEMBRE-20.pdf\">ACTA ASAMBLEA PARROQUIAL DE DELIBERACI\u00d2N P\u00d9BLICA Y EVALUACI\u00d2N CIUDADANA DEL INFORME DE RENDICI\u00d2N DE CUENTAS DEL 1 DE ENERO AL 31 DE DICIEMBRE 20<\/a><\/p>\n<p><a href=\"https:\/\/pomasqui.gob.ec\/pichincha\/wp-content\/uploads\/2021\/06\/INFORME-RENDICION-DE-CUENTAS-DEL-01-ENERO-AL-31-DICIEMBRE-2020_.pdf\">INFORME-RENDICION-DE-CUENTAS-DEL-01-ENERO-AL-31-DICIEMBRE-2020_<\/a><\/p>\n<p><a href=\"https:\/\/www.facebook.com\/GobiernoDePomasqui\/videos\/123553866462340\">TRANSMISION EN VIVO DELIBERACION PUBLICA Y EVALUACION CIUDADANA DEL INFORME DE RENDICION DE CUENTAS DEL 1 DE ENERO AL 31 DICIEMBRE 2020<\/a><\/p>\n<p>&nbsp;<\/p>\n","protected":false},"excerpt":{"rendered":"<p>MEMO DELEGACI\u00d2N SUBIR INFORMACI\u00d2N AL SISTEMA DEL CPCCS OFICIO ENV\u00ccO MATRIZ A LA CIUDADAN\u00ccA MATRICES RECIBIDAS CONVOCATORIA, ACTA, REGISTRO ASISTENCIA REUNI\u00d2N DE TRABAJO CONSEJO DE PLANIFICACI\u00d2N REVISI\u00d2N MATRICES CIUDADANAS CONVOCATORIA ASAMBLEA PARROQUIAL DE DELIBERACI\u00d2N P\u00d9BLICA Y EVALUACI\u00d2N CIUDADANA DEL INFORME DE RENDICI\u00d2N DE CUENTAS DEL 1 DE ENERO AL 31 DE DICI ACTA ASAMBLEA PARROQUIAL &hellip;<\/p>\n<p class=\"read-more\"> <a class=\"\" href=\"https:\/\/pomasqui.gob.ec\/pichincha\/rendicion-de-cuentas-2020\/\"> <span class=\"screen-reader-text\">Rendici\u00f3n de Cuentas 2020<\/span> Leer m\u00e1s \u00bb<\/a><\/p>\n","protected":false},"author":4,"featured_media":0,"parent":0,"menu_order":0,"comment_status":"closed","ping_status":"closed","template":"","meta":{"site-sidebar-layout":"default","site-content-layout":"","ast-site-content-layout":"","site-content-style":"default","site-sidebar-style":"default","ast-global-header-display":"","ast-banner-title-visibility":"","ast-main-header-display":"","ast-hfb-above-header-display":"","ast-hfb-below-header-display":"","ast-hfb-mobile-header-display":"","site-post-title":"","ast-breadcrumbs-content":"","ast-featured-img":"","footer-sml-layout":"","theme-transparent-header-meta":"","adv-header-id-meta":"","stick-header-meta":"","header-above-stick-meta":"","header-main-stick-meta":"","header-below-stick-meta":"","astra-migrate-meta-layouts":"","footnotes":""},"yst_prominent_words":[231,228,238,233,229,235,230,227,240,234,176,242,245,236,243,239,244,241,156,237],"_links":{"self":[{"href":"https:\/\/pomasqui.gob.ec\/pichincha\/wp-json\/wp\/v2\/pages\/2585"}],"collection":[{"href":"https:\/\/pomasqui.gob.ec\/pichincha\/wp-json\/wp\/v2\/pages"}],"about":[{"href":"https:\/\/pomasqui.gob.ec\/pichincha\/wp-json\/wp\/v2\/types\/page"}],"author":[{"embeddable":true,"href":"https:\/\/pomasqui.gob.ec\/pichincha\/wp-json\/wp\/v2\/users\/4"}],"replies":[{"embeddable":true,"href":"https:\/\/pomasqui.gob.ec\/pichincha\/wp-json\/wp\/v2\/comments?post=2585"}],"version-history":[{"count":6,"href":"https:\/\/pomasqui.gob.ec\/pichincha\/wp-json\/wp\/v2\/pages\/2585\/revisions"}],"predecessor-version":[{"id":3435,"href":"https:\/\/pomasqui.gob.ec\/pichincha\/wp-json\/wp\/v2\/pages\/2585\/revisions\/3435"}],"wp:attachment":[{"href":"https:\/\/pomasqui.gob.ec\/pichincha\/wp-json\/wp\/v2\/media?parent=2585"}],"wp:term":[{"taxonomy":"yst_prominent_words","embeddable":true,"href":"https:\/\/pomasqui.gob.ec\/pichincha\/wp-json\/wp\/v2\/yst_prominent_words?post=2585"}],"curies":[{"name":"wp","href":"https:\/\/api.w.org\/{rel}","templated":true}]}}